greatest common divisor of 52 and h.
52
Let y(w) = -2*w + 28. Let k be y(-26). What is the greatest common divisor of k and 20?
20
Let r be 1 + (-6)/4 - (-11)/2. What is the highest common divisor of r and 55?
5
Suppose 336 = 2*o + o. Let j = -8 + 22. Calculate the highest common factor of o and j.
14
Suppose 0 = -10*b + 59 + 41. Calculate the greatest common factor of 30 and b.
10
Suppose 0 = 2*i - i - 30. Suppose 5*c - 10 = 5*t - 130, 0 = -2*c + 4*t - 44. Let a = c - -36. Calculate the greatest common divisor of i and a.
10
Let g be 192/2 - (-1 + 1). Suppose 0 = 3*j - 0*j - 6. Suppose j*t + 12 = 3*t. What is the highest common factor of g and t?
12
Suppose -4*v = 0, 5*v - 1 = -3*k + 11. Suppose 0 = -m + k*m - 63. Suppose -4*z - m + 89 = 0. Calculate the highest common divisor of 136 and z.
17
Let a be -1*3*(0 + -2). Let v(o) = 9*o**2 + 3*o - 6. Let r be v(4). Suppose 2*x = -3*x + r. What is the greatest common divisor of a and x?
6
Let f be 6 + 480/35 + (-4)/(-14). What is the greatest common factor of f and 4?
4
Let z = 2 + -2. Suppose 7*h - h - 18 = z. Suppose -4*f + 52 = -44. What is the greatest common divisor of h and f?
3
Let t = -158 + 371. What is the highest common divisor of t and 71?
71
Let x = 48 + -24. What is the highest common divisor of 216 and x?
24
Let x(z) be the second derivative of z**5/20 - 11*z**4/12 - z**3/6 + 13*z**2/2 - 5*z. Let h be x(11). What is the greatest common factor of 3 and h?
1
Let s be (-288)/(-40)*(-25)/(-2). Let r be s/4*(-4)/(-6). Calculate the greatest common divisor of r and 3.
3
Suppose -2*t + 24 = 2*t. Let x = t - -5. Suppose 5*u + 274 = 3*j, 0*j + 3*j - 254 = -5*u. Calculate the greatest common factor of x and j.
11
Suppose 4*p + 0*j = -5*j + 166, -5*j = 3*p - 122. What is the highest common divisor of p and 22?
22
Let i be (242 - 0) + (-12)/(-4). What is the greatest common factor of 98 and i?
49
Let w(c) = 4*c + 6. Let i be w(6). Suppose 5*r + 0*r = i. Let u = -1 + 4. Calculate the greatest common divisor of r and u.
3
Let s = 22 + -10. Calculate the greatest common divisor of 6 and s.
6
Let l be 117/(-12)*-1*(-200)/(-15). What is the highest common factor of 26 and l?
26
Let h be (-1)/(2 + (-103)/51). Suppose 0 = 5*a - 4*w - 80, -a + 3*w = 2*a - h. What is the greatest common divisor of 36 and a?
12
Let i be 4/(-7) + 5049/77. What is the highest common divisor of i and 5?
5
Let q = -29 + 57. Let r = 17 - 12. Suppose r*l + 79 = 2*z - 0*l, 2*l = 2. What is the highest common factor of z and q?
14
Let p(g) = 6*g**2 + 10*g - 9. Let s be p(6). Suppose -4*t - 87 = -s. Calculate the highest common factor of t and 18.
9
Suppose a - 47 - 35 = 0. Let o be (-2)/5 + a/5. Let w = -8 + o. Calculate the highest common factor of w and 32.
8
Suppose 0 = -4*f - 16, 3*f = -2*n + f - 1992. Let c be n/(-6) - 2/6. What is the highest common factor of 15 and c?
15
Let b(w) = -w**3 - 3*w**2 + w - 4. Let c be b(-4). What is the greatest common divisor of c and 20?
4
Let z = -49 + 63. Let q be ((-37)/(-1) + -2)/1. Calculate the highest common factor of z and q.
7
Suppose -8*w + 10*w - 56 = 0. Calculate the greatest common divisor of w and 4.
4
Let p(v) = -2*v**2 + 5*v. Let w be p(4). Let l be 3/(-9) - 268/w. Suppose -17 - l = -3*n. What is the greatest common factor of n and 104?
13
Suppose 0 = 12*i - 10*i - 70. Suppose 2*r + 3*r + 3*w = 23, 5*w + 41 = 3*r. What is the greatest common divisor of r and i?
7
Suppose 8 = -4*c + 3*q - 8*q, -c + q = -7. Suppose c*h + 45 = -u + 6*u, 0 = -3*u + 2*h + 26. Calculate the highest common factor of u and 36.
12
Suppose -4*y - 12 = 0, 5*o + 2*y - 15 - 19 = 0. Calculate the highest common factor of o and 24.
8
Let l = 201 - 117. What is the highest common divisor of 28 and l?
28
Let f(a) = a**2 + 6*a - 2. Let w be f(-7). Suppose -140 = -4*o + 3*k, -o - 2*o - k + 105 = 0. What is the highest common divisor of o and w?
5
Suppose -o + 3 = -2. Suppose 4*p - 48 = -o*y, -42 = -3*p - 3*y - 9. What is the highest common divisor of 7 and p?
7
Suppose -w - 46 = -55. What is the greatest common factor of w and 63?
9
Let x = -8 - -6. Let k be (x/(-2))/(7/14). Calculate the highest common factor of 4 and k.
2
Let h(d) = -6*d - 2. Suppose 0 = s - 2*a - a, 5*a = 3*s + 4. Let g be h(s). What is the greatest common factor of g and 128?
16
Let i = 10 + -19. Let t be (-5)/((3/i)/1). Calculate the highest common factor of 75 and t.
15
Let o be 1/(2/11)*10. Let s be (6/5)/((-8)/20). Let r(f) = -f + 2. Let b be r(s). What is the highest common divisor of b and o?
5
Let f = 82 + -77. What is the greatest common divisor of 25 and f?
5
Suppose -3*p + 8*p = 2*v + 3, -2*p - 5*v + 7 = 0. What is the highest common divisor of 13 and p?
1
Suppose 4*m = 2*m + 2. Suppose -y - y = a - m, 2*y + 3*a = -1. Calculate the greatest common divisor of y and 11.
1
Suppose 4*s - s = -2*c + 174, -4*c + 2*s = -364. Let z = -7 - -17. Calculate the highest common divisor of c and z.
10
Let z = -7 + 15. Let c(o) = o**3 - 6*o**2 - 6*o - 8. Let x be c(z). Suppose -q + 2*q = x. What is the greatest common divisor of 9 and q?
9
Let g(h) = -h**3 - h + 126. Let o be g(0). Suppose 3*w - 2*s = o, w = 3*w - s - 85. Suppose 6*q - q - 55 = 0. What is the highest common divisor of q and w?
11
Suppose 3*c - 433 = 2*z, -730 = -5*c - 2*z - 3*z. Calculate the greatest common factor of 58 and c.
29
Let x be (-1 - 0)/(17/(-153)). What is the highest common divisor of 1 and x?
1
Suppose 0 = 2*c + 3*o + 7, o = 2*c - 0 + 11. Let m(q) = -3*q. Let k be m(c). Calculate the highest common divisor of 15 and k.
15
Let c(r) = r**3 - 12*r**2 + 4*r - 4. Let w be c(12). Calculate the highest common divisor of 110 and w.
22
Suppose 5*p = 5*n + 165, -3*p - 2*n - 3*n = -59. Let z = 22 + -8. Let d be (-4)/z - 60/(-14). Calculate the greatest common divisor of p and d.
4
Suppose 0*o + 18 = 3*m + 3*o, 0 = -4*m - o + 21. Calculate the highest common divisor of m and 5.
5
Suppose v - 2*s - 63 = 0, -3*s - 141 = -2*v - 2*s. Suppose 0 = 2*t - 69 - v. Let n = -41 + t. Calculate the greatest common factor of n and 45.
15
Let x(v) = 2*v**2 - 11*v + 23. Let u be x(7). What is the greatest common factor of u and 220?
44
Let q be -2*(0 - 180/8). What is the greatest common divisor of 30 and q?
15
Let s(a) be the third derivative of a**6/120 + a**5/12 + a**4/6 + a**3/2 + a**2. Let d be s(-2). Calculate the highest common divisor of d and 49.
7
Suppose 22 = 5*g - 13. What is the greatest common divisor of g and 63?
7
Suppose -7*j - 4*c = -3*j - 1068, 0 = j + 5*c - 279. What is the highest common factor of j and 24?
24
Let a be (89 + -2)*2/6. Let o = a + -1. Let v = o - 3. Calculate the highest common factor of v and 5.
5
Let u(g) = -5 + 9 - 5 - 41*g. Let x be u(-1). What is the greatest common factor of 10 and x?
10
Let b = 5 + 9. Suppose -4*h + 4*j - 2*j + 384 = 0, 0 = 2*h - 3*j - 184. What is the highest common factor of h and b?
14
Let t(y) = 2*y**2 + 6*y - 6. Let p be t(-5). Calculate the highest common factor of p and 42.
14
Let j(u) = -8*u + 45. Let s be j(-11). What is the greatest common divisor of s and 19?
19
Let c be (2 - 2) + (4 - 1). Let l be 1/c + 17/3. Calculate the greatest common divisor of 6 and l.
6
Let o be (-6)/(-1) - (-3)/3. Let w = -7 + o. Let n = 4 - w. What is the highest common divisor of 40 and n?
4
Suppose 71 = 5*i - 69. Let m be (-9)/(-4)*56/3. Calculate the highest common divisor of m and i.
14
Let d = 0 + -121. Suppose w + 35 = 343. Let i = d + w. What is the highest common factor of i and 17?
17
Suppose 0 = -4*v + 3*i + 63, 2*v - 2*i - 4 = -6*i. Calculate the highest common factor of v and 12.
12
Let k(f) = f**3 - 4*f**2 - 9*f + 1. Let u be k(6). Calculate the greatest common factor of 19 and u.
19
Suppose -6 = h + l, 0 = 4*l + 12. Let t(f) = 0 - 2 + 2 - 19*f. Let c be t(h). What is the greatest common factor of 19 and c?
19
Suppose 5*c - 1 = -r - 30, -2*r - 26 = 2*c. Let n be (-3)/r + (-170)/(-3). Let v(y) = y + 38. Let o be v(0). Calculate the highest common divisor of o and n.
19
Let q be (3/2)/((-2)/(-4)). Suppose -20 = 2*t - q*t. What is the greatest common factor of t and 8?
4
Suppose -136 = -3*h - 16. Calculate the greatest common divisor of 120 and h.
40
Suppose -2*l = -y, 5*l - 1 = -0*y + 2*y. Let n(f) = -f**3 - f - 1. Let j be 3/(-1)